3
Let h = 41 - 62. Let f(i) = -i - 21. Let n be f(h). Suppose n = w + 5*q - 99, 3*q = 5*w + 4*q - 615. What is the hundreds digit of w?
1
Suppose v = -4*p + 40687, 164*p - 4*v = 159*p + 50864. What is the thousands digit of p?
0
Suppose -214 = u + 4*q, -4*q = -2*u + 158 - 586. Let b = -175 - u. What is the tens digit of b?
3
Let c(w) = -60*w + 1175. What is the hundreds digit of c(0)?
1
Suppose 0 = 5*r - 20, 11112 = 120*b - 116*b + 5*r. What is the hundreds digit of b?
7
Let n(p) = p**3 + 14*p**2 + 24*p + 4. Let t be n(-12). Suppose -3*x - 48 = -2*c + 30, -t*x = -5*c + 188. Let h = c + 27. What is the tens digit of h?
6
Let w(p) = 65585*p**2 + 8*p + 4. What is the ten thousands digit of w(1)?
6
Let r(j) = 3*j + 4. Let u be r(-6). Suppose 5*a - 2*m = -436, -2*a + 8*m = 9*m + 169. Let p = u - a. What is the units digit of p?
2
Let h be (80/35 - 2)*7. Suppose 4*u = -4*c + 28, 8*u - 29 = -5*c + 5*u. Suppose -4*g = -3*o + 593, -h*o - 3*o + 999 = c*g. What is the hundreds digit of o?
1
Let m be 104/988 - (-1 - 45731/19). Suppose 2*z - q = m, 3*z + 5*q - 3602 = 4*q. What is the thousands digit of z?
1
Suppose -3*f = -c + 2411, -c + 150*f - 145*f + 2415 = 0. What is the thousands digit of c?
2
Let s(v) = v**3 - 2*v**2 - 2*v - 1. Let q be s(3). Suppose 3*c - 661 = 4*n, 4*c - q*n - n = 879. What is the units digit of 2/(6/c) + -1?
2
Let x(t) = 14*t**2 - 2*t - 24. Let c be x(5). Suppose u - 2*g - c = 0, -4*g + g = 2*u - 625. What is the hundreds digit of u?
3
Let i(r) = 10*r - 15. Let b be i(3). Let h = -13 + b. Suppose 0 = -4*t - h*y, -2*y + 3*y = 4*t - 6. What is the units digit of t?
1
Let h(l) = 80*l**2 - 3*l + 8. Let q be h(4). Suppose 359*d = 361*d - q. What is the tens digit of d?
3
Suppose 5*g - 13 = -0*g + 4*r, 4*g + 2*r = 0. Let p be (0 - g)/(-2 - 42/(-22)). Let t = p + 24. What is the tens digit of t?
3
Let h = -94 + 496. Suppose z + 2*z - h = 0. Suppose -10 - z = -4*i + m, m = -i + 41. What is the units digit of i?
7
Let u = -343 + 344. What is the units digit of (445/15)/((2/24)/u)?
6
Let u be ((-21)/(-9) + 1)*-3. Let x(n) = -45 + 12 - 16*n + 8*n + 0*n. What is the tens digit of x(u)?
4
Let j(t) = -10*t**3 + 29*t**2 + 6*t + 38. What is the units digit of j(-14)?
8
Let l = 256 - 98. Suppose -l - 232 = -4*f + 2*t, 5*f + t = 477. What is the units digit of f?
6
What is the ten thousands digit of ((-114)/2)/((-1)/223)?
1
Suppose 0 = -2*x - 7*i + 9*i + 16, -5*x - 3*i + 40 = 0. Suppose -x*s + 225 = -4263. What is the hundreds digit of s?
5
Let u(r) = -4*r**3 + 4*r - 1. Suppose 0 = -6*i + 15*i + 36. What is the tens digit of u(i)?
3
Suppose 29*k + 20*k - 329525 = 0. What is the hundreds digit of k?
7
Suppose 3*j + 5 = r, -2*r + 31 = 4*j - 3*j. Suppose -r*z + 10*z = -3512. What is the tens digit of z?
7
Let y = -25 + 27. Let o(j) = 0*j + 10*j + 10 - 5*j**y - j**3 + 22 - 41. What is the hundreds digit of o(-9)?
2
Let t = 54672 - 30249. What is the units digit of t?
3
Let t(f) = f**2 + f + 110. Let h(v) = -2*v**2 - 3*v - 330. Let p(n) = 3*h(n) + 8*t(n). What is the units digit of p(23)?
5
Let i = 14422 + -9535. What is the hundreds digit of i?
8
Let h = 300 - 193. Let j = 174 - h. What is the tens digit of j?
6
Let y = -14 + 10. Let h be 6 - (y/(-1) - 0). What is the tens digit of ((-37)/h)/(9/(-36))?
7
Let j = 40 + -35. Let g be ((-6)/j)/((-9)/15). Suppose -g*q = -q - 60. What is the units digit of q?
0
Suppose 23128 = -7*k + k + 58900. What is the hundreds digit of k?
9
Let b be 20/(-18)*12*(-45)/60. What is the tens digit of 1220/24 - b/12?
5
Let h(w) be the first derivative of w**3 + w**2/2 + 10*w - 91. What is the hundreds digit of h(-6)?
1
Suppose 2*s + p + 1330 = 6*s, 4*s - 1324 = 4*p. Let m = 1013 - 1008. Suppose 357 = m*c + 2*a, -3*c = -4*a + 98 - s. What is the tens digit of c?
7
Suppose 0 = 4*x - 2*x. Suppose 0 = -62*n + 66*n - 2*j - 332, 82 = n - j. Suppose x*m - 3*m + n = 0. What is the units digit of m?
8
Suppose 91 - 7 = 14*f. Suppose 3*x + 2*r - 2616 = f*r, r + 4377 = 5*x. What is the tens digit of x?
7
Let l(r) = -3239*r - 2089. What is the tens digit of l(-7)?
8
Let v(g) = -g**3 - 5*g**2 + 38*g + 13. Let k be v(-7). Let i = k - -571. What is the tens digit of i?
1
Let z = -29597 + 41770. What is the thousands digit of z?
2
Let b = 120408 + -85275. Suppose -16*r - b = -37*r. What is the thousands digit of r?
1
Let a(u) = -7*u - 103. Let k(m) = -5*m - 69. Let r(q) = 5*a(q) - 8*k(q). Let x be r(-7). What is the units digit of (0 + 106)*(x + -1)?
6
Let n(z) = -z**3 - 2*z**2 + z + 8. Let q be (1 - 0)/((-21)/(-126)). Let r(m) = m**2 - 7*m + 1. Let v be r(q). What is the units digit of n(v)?
8
Suppose v = 4*n + 9144 - 106916, -4*n - 2*v = -97784. What is the ten thousands digit of n?
2
Suppose -10 = f - 6*f. What is the units digit of (-10 - -5)/(11/(-5) + f)?
5
Suppose 3*y + i + 48 = -3*i, 2*y + 43 = i. Let g be (24/y)/((-4)/10). What is the tens digit of g + 0 + (84 - -1)?
8
Let w be (-5 + 1)/(2/15). Let k = 33 + w. Suppose -k*q + 89 = 8. What is the units digit of q?
7
Let x = 22 + -27. Let c = x - -15. Suppose v = 6*v - c. What is the units digit of v?
2
Let o be 130/4*(588/5 - 0). Suppose 3*r = 3*w - o, 2*w + 2*w = 2*r + 5096. What is the units digit of w?
4
Let w be -4*1 - (44 + -70). Suppose -2*m + 68 = -w. What is the units digit of m?
5
Let t = 54 - 52. Let b(z) = 2*z**3 - z**2 - 3*z + 4. Let x be b(t). Suppose -4*g + 3*r + 110 = 2*r, -5*r - x = 0. What is the units digit of g?
7
Suppose -578436 = 41*d - 117*d. What is the tens digit of d?
1
Suppose -y - 2*a = 32, -5*a + 5 = -5*y - 110. Suppose -941*h + 364 = 922*h - 1877*h. What is the tens digit of (-1616)/h + 4/y?
6
Let z be 3/((2/364)/(5/10)). Suppose 283 = 4*o - 3*g, 5*o + z = 9*o - g. What is the tens digit of 2 + o - (0 - 2)?
7
What is the units digit of (-3 - -8 - 633)*(-1793)/44?
1
Let x(p) be the second derivative of -p**4/12 - 47*p**3/6 - 53*p**2/2 + 3*p - 38. What is the hundreds digit of x(-26)?
4
Let b(r) = r**3 + 7*r**2 - r - 5. Let f be b(-7). Suppose 5*z - 361 = -4*q, 3*q = 4*z + f*q - 272. Suppose -2*l + 51 = -z. What is the units digit of l?
0
Let x(p) = -20*p + 132. Let g(r) = 21*r - 132. Let q(f) = -4*g(f) - 5*x(f). What is the tens digit of q(23)?
3
Let l(c) = c**3 - 3*c**2 - 5*c - 11. Let z be l(5). Let s = z + -13. Suppose -127 = -y + 5*o, -3*o - 2 = s. What is the tens digit of y?
2
Let r(i) = -i**2 - i + 6. Let f be r(6). Let c = 66 + f. What is the units digit of (-3*1)/(c/(-940))?
4
Let y(i) = 2*i**2 - 13*i - 55. Let d be y(-12). Suppose 932 = 3*p - 5*u, -p - 89 = u - d. What is the tens digit of p?
0
Suppose c - 2*c + 753 = 0. Let m = 1142 - c. What is the tens digit of m?
8
Suppose -k + 11519 = -7*w, -w + 23008 = 18*k - 16*k. What is the hundreds digit of k?
5
Let t(j) = 17*j + 113. Let z be t(-6). Let y = z - 8. What is the units digit of y?
3
Suppose 0 = -7*s + 4*s - 0*s. Suppose -5*d + 5*n + 0*n + 2320 = s, 0 = 3*d + 5*n - 1368. What is the tens digit of d?
6
Let x = 23407 + -11887. What is the ten thousands digit of x?
1
Let c = 126 + -177. Let i = 47 + c. What is the units digit of 2/(i/6) - (-112)/14?
5
Suppose -5*c = 2*l + 56, 4*c + 31 = -l + 4*l. Let x(q) = -41*q + 24. Let n be x(c). Suppose 98 - n = -7*u. What is the units digit of u?
8
Let n be ((-36)/(-27) - 2) + (-14)/(-3). Suppose 0*b = b + n, -2071 = -5*f - b. What is the units digit of f?
5
Suppose 7*v - 6*v = p + 43, -v + 133 = -3*p. What is the tens digit of 2646/(-245)*p/2?
4
Let q = -75083 - -152724. What is the thousands digit of q?
7
Let o(a) = 3*a + 12. Let v(h) = -h**3 - 7*h**2 + 12*h + 25. Let x be v(-8). Let k(t) = 7*t + 25. Let g(r) = x*o(r) + 4*k(r). What is the units digit of g(10)?
6
Let m(b) = b**2 - 1. Suppose -2*v + 8 = -v. Let w be m(v). Suppose -2*c = -5*c + 3*s + w, 0 = c - 4*s - 24. What is the units digit of c?
0
Let w = -43 + 41. Let f be ((-4)/(-6))/(w/288*-3). Let v = f - -50. What is the units digit of v?
2
Suppose -3*y + 15 = 5*t, -24 + 9 = -5*t + 5*y. Suppose -58 = -4*g + t*g. Suppose -2*x - g - 77 = -f, 4*f - 4*x = 528. What is the hundreds digit of f?
1
Let p(g) = -g**3 + 158*g**2 + 79*g - 580. What is the units digit of p(158)?
2
Let w be -1038*(2 - 8/3). Suppose -2*m = 4*a - w, 0*a = 4*m - 2*a - 1344. What is the units digit of m?
8
Suppose 0 = x - 1 